{"id":96,"date":"2025-01-31T15:52:33","date_gmt":"2025-01-31T15:52:33","guid":{"rendered":"https:\/\/www.hodinovymanzelpepik.cz\/?page_id=96"},"modified":"2025-02-01T21:22:47","modified_gmt":"2025-02-01T21:22:47","slug":"sluzby","status":"publish","type":"page","link":"https:\/\/www.hodinovymanzelpepik.cz\/?page_id=96","title":{"rendered":"SLU\u017dBY"},"content":{"rendered":"\n<p class=\"has-large-font-size\"><strong>+420 704 214 614<\/strong><\/p>\n\n\n\n<p style=\"font-size:25px\"><strong>Pomohu V\u00e1m s r\u016fzn\u00fdmi mont\u00e1\u017eemi, opravami, \u00fadr\u017ebou v dom\u00e1cnosti, na zahrad\u011b i ve firm\u011b.<\/strong><\/p>\n\n\n\n<h2 class=\"wp-block-heading\" style=\"font-size:25px\">P\u0159\u00edprava byt\u016f na pron\u00e1jem<\/h2>\n\n\n\n<p><strong>A\u0165 u\u017e pot\u0159ebujete vymalovat cel\u00fd byt, vym\u011bnit sv\u011btla, z\u00e1suvky nebo jen opravit p\u00e1r drobnost\u00ed, r\u00e1d v\u00e1m pomohu.\u00a0<\/strong><\/p>\n\n\n\n<p><\/p>\n\n\n\n<p><strong>\ud83c\udfca\u200d\u2642\ufe0f Baz\u00e9n: odzimov\u00e1n\u00ed, zazimov\u00e1n\u00ed, \u00fadra\u017eba\u00a0<\/strong><\/p>\n\n\n\n<p><strong>\ud83d\uddbc\ufe0f\u00a0Dekorace: v\u00fdroba dekorace interi\u00e9rov\u00fdch a exteri\u00e9rov\u00fdch dopl\u0148k\u016f V\u00c1NOCE, VELIKONOCE, HALOOWEN &#8211; na vy\u017e\u00e1d\u00e1n\u00ed za\u0161lu foto<\/strong><\/p>\n\n\n\n<p><strong>\ud83e\udea0\u00a0Instalater: v\u00fdm\u011bna baterie, sifonu, zapojen\u00ed pra\u010dky, su\u0161i\u010dky, odvzdu\u0161n\u011bn\u00ed topen\u00ed, atd&#8230;.<\/strong><\/p>\n\n\n\n<p><strong>\ud83d\udd8c\ufe0f\u00a0Malov\u00e1n\u00ed: malov\u00e1n\u00ed interi\u00e9r\u016f i exteri\u00e9r\u016f\u00a0<\/strong><\/p>\n\n\n\n<p><strong>\ud83d\ude9a\u00a0St\u011bhov\u00e1n\u00ed: materi\u00e1lu, dom\u00e1cnosti, kancel\u00e1\u0159e, vykl\u00edzen\u00ed<\/strong><\/p>\n\n\n\n<p><strong>\ud83d\ude95\u00a0Taxi slu\u017eba: leti\u0161t\u011b, l\u00e9ka\u0159, n\u00e1kupy<\/strong><\/p>\n\n\n\n<p><strong>\ud83d\udd27\u00a0Servis oken a dve\u0159\u00ed<\/strong><\/p>\n\n\n\n<p><strong>\ud83e\udeab\u00a0Elektroinstalace: servis, mont\u00e1\u017e<\/strong><\/p>\n\n\n\n<p><strong>\ud83d\udcfa\u00a0Dom\u00e1c\u00ed spot\u0159ebi\u010de, Tv+hifi: mont\u00e1\u017e<\/strong><\/p>\n\n\n\n<p><strong>\ud83e\uddf1\u00a0Zednick\u00e9 pr\u00e1ce a stavebn\u011b mont\u00e1\u017en\u00ed pr\u00e1ce<\/strong><\/p>\n\n\n\n<p><strong>\ud83c\udfd7\ufe0f\u00a0Rekonstrukce byt\u016f<\/strong><\/p>\n\n\n\n<p><strong>\ud83d\udee0\ufe0f\u00a0Obklady, dla\u017eby a pokl\u00e1dky podlah<\/strong><\/p>\n\n\n\n<p><strong>\ud83e\uddf9\u00a0Vykl\u00edzen\u00ed, bourac\u00ed pr\u00e1ce<\/strong><\/p>\n\n\n\n<p><strong>\ud83e\ude91\u00a0Mont\u00e1\u017e n\u00e1bytku, poli\u010dek, zrcadel, atd.<\/strong><\/p>\n\n\n\n<p><strong>\ud83d\udc68\u200d\ud83c\udf3e\u00a0Zahrada: realizace, \u00fadr\u017eba, \u00faprava<\/strong><\/p>\n\n\n\n<p><strong>\ud83d\udcb0\u00a0Poji\u0161\u0165ovna: v p\u0159\u00edpad\u011b \u0161kody na majetku \u010di vozidle za V\u00e1s v\u0161e vy\u0159\u00edd\u00edm s poji\u0161\u0165ovnou<\/strong><\/p>\n\n\n\n<p><\/p>\n","protected":false},"excerpt":{"rendered":"<p>+420 704 214 614 Pomohu V\u00e1m s r\u016fzn\u00fdmi mont\u00e1\u017eemi, opravami, \u00fadr\u017ebou v dom\u00e1cnosti, na zahrad\u011b i ve firm\u011b. P\u0159\u00edprava byt\u016f na pron\u00e1jem A\u0165 u\u017e pot\u0159ebujete [&hellip;]<\/p>\n","protected":false},"author":1,"featured_media":0,"parent":0,"menu_order":0,"comment_status":"closed","ping_status":"closed","template":"","meta":{"footnotes":""},"class_list":["post-96","page","type-page","status-publish","hentry"],"_links":{"self":[{"href":"https:\/\/www.hodinovymanzelpepik.cz\/index.php?rest_route=\/wp\/v2\/pages\/96","targetHints":{"allow":["GET"]}}],"collection":[{"href":"https:\/\/www.hodinovymanzelpepik.cz\/index.php?rest_route=\/wp\/v2\/pages"}],"about":[{"href":"https:\/\/www.hodinovymanzelpepik.cz\/index.php?rest_route=\/wp\/v2\/types\/page"}],"author":[{"embeddable":true,"href":"https:\/\/www.hodinovymanzelpepik.cz\/index.php?rest_route=\/wp\/v2\/users\/1"}],"replies":[{"embeddable":true,"href":"https:\/\/www.hodinovymanzelpepik.cz\/index.php?rest_route=%2Fwp%2Fv2%2Fcomments&post=96"}],"version-history":[{"count":8,"href":"https:\/\/www.hodinovymanzelpepik.cz\/index.php?rest_route=\/wp\/v2\/pages\/96\/revisions"}],"predecessor-version":[{"id":252,"href":"https:\/\/www.hodinovymanzelpepik.cz\/index.php?rest_route=\/wp\/v2\/pages\/96\/revisions\/252"}],"wp:attachment":[{"href":"https:\/\/www.hodinovymanzelpepik.cz\/index.php?rest_route=%2Fwp%2Fv2%2Fmedia&parent=96"}],"curies":[{"name":"wp","href":"https:\/\/api.w.org\/{rel}","templated":true}]}}